 base 12, what is -18682 - 173?
-18835
In base 16, what is -cc - -4ebd?
4df1
In base 14, what is 172 + 6579?
670b
In base 7, what is 221203066 + 1?
221203100
In base 2, what is -110110101111101010111 + 100011010?
-110110101111000111101
In base 11, what is -104196 + 180?
-104016
In base 2, what is -10011011001010111 - 1010111101?
-10011100100010100
In base 13, what is -2 - 7c3a262?
-7c3a264
In base 2, what is 11011 - -11011111101111011110100101?
11011111101111011111000000
In base 4, what is -102311120 + -1111321?
-110023101
In base 3, what is 2002001102 + -11220?
2001212112
In base 7, what is -263130235 + -2?
-263130240
In base 9, what is 62 - 13103745?
-13103673
In base 14, what is -3d59255a + -2?
-3d59255c
In base 4, what is -10112 + -2111010203?
-2111020321
In base 8, what is 320 + 415614?
416134
In base 4, what is 11232 + -120030113?
-120012221
In base 10, what is -34 - 5705679?
-5705713
In base 12, what is -891369 - -8?
-891361
In base 15, what is -48 + -59c0?
-5a18
In base 15, what is a80 - -2681a?
2739a
In base 16, what is 4 + b9ba9c?
b9baa0
In base 11, what is 10656899 - 13?
10656886
In base 7, what is 1 - -120211632?
120211633
In base 4, what is -1011 - -2112001?
2110330
In base 16, what is 0 - -457a6e9?
457a6e9
In base 3, what is -12 + -10212110022001212?
-10212110022002001
In base 16, what is -1500e + 70d?
-14901
In base 2, what is 11101010100101011101000 + 110?
11101010100101011101110
In base 6, what is -105 + -42235523?
-42240032
In base 3, what is 20001221210 + -21101?
20001200102
In base 6, what is -23551502 - 33?
-23551535
In base 2, what is -10110100001 - -1001101111001110?
1001011000101101
In base 12, what is 1933 - -6088?
79bb
In base 5, what is 10032 - -112442?
123024
In base 2, what is -1110010 + -1110100010?
-10000010100
In base 14, what is -5 - 12123d36?
-12123d3b
In base 2, what is 11110101110 - 111011011001000000?
-111010111010010010
In base 8, what is -66251216 - -13?
-66251203
In base 5, what is 3 + -13123231221?
-13123231213
In base 13, what is 305668c - 28?
3056664
In base 10, what is 0 - 5716880?
-5716880
In base 4, what is 100 + 321230111?
321230211
In base 4, what is 11101221000 - -123?
11101221123
In base 14, what is -147483 - -26?
-14745b
In base 5, what is -3343224 - 131313?
-4030042
In base 16, what is aad58 - 66?
aacf2
In base 8, what is 47367654 + -6?
47367646
In base 9, what is 2385702 + -4?
2385687
In base 10, what is 211 + 442980?
443191
In base 2, what is 0 - 111111011110100011101101?
-111111011110100011101101
In base 2, what is -10011110001 - 100110101001000?
-101001000111001
In base 6, what is 1111310243 - 3?
1111310240
In base 9, what is 53822585 + -4?
53822581
In base 11, what is -19 + 246658?
24663a
In base 15, what is -192901 - -c?
-1928e4
In base 2, what is -1000 + -1001111000001000001100100?
-1001111000001000001101100
In base 9, what is 5303867 + 0?
5303867
In base 2, what is -11110001010111110 - 11000010?
-11110001110000000
In base 10, what is -48011 - 2072?
-50083
In base 10, what is -5 + -132074?
-132079
In base 16, what is 124141 - 2?
12413f
In base 5, what is 411212300 - -3?
411212303
In base 10, what is 30 - 12327236?
-12327206
In base 4, what is -22013121 + -12033021?
-100112202
In base 6, what is -31 + -42210423?
-42210454
In base 2, what is 1110110110110110101010101101 - 101?
1110110110110110101010101000
In base 6, what is 203011513 - 44?
203011425
In base 3, what is 1121000 + 1210010122?
1211201122
In base 10, what is 422 + 240?
662
In base 4, what is -310231 - 3131321?
-10102212
In base 14, what is 3872c3 - -c?
3872d1
In base 5, what is 1321 + 23404103?
23410424
In base 8, what is 4 + -274614427?
-274614423
In base 3, what is -22021102010102 - 1?
-22021102010110
In base 6, what is 12104225 - 2112?
12102113
In base 15, what is -2 - 1a2d91c8?
-1a2d91ca
In base 16, what is 1 + -260401?
-260400
In base 16, what is 1 - -131e733?
131e734
In base 12, what is 1 + 1351b03?
1351b04
In base 14, what is -5 - -c13813?
c1380c
In base 12, what is 9883 + -201?
9682
In base 11, what is 0 + -1223116a2?
-1223116a2
In base 10, what is 1005427 + -2?
1005425
In base 10, what is 41785 + -1321?
40464
In base 12, what is 7 - 239b4724?
-239b4719
In base 12, what is -69a960 - 89?
-69aa29
In base 11, what is -863 + 132646?
131893
In base 10, what is 16575974 - 5?
16575969
In base 4, what is -2103332 - 1303330?
-10013322
In base 3, what is 10212122 - -2002121021?
2020110220
In base 7, what is -1215 - -2061?
543
In base 3, what is -112220200 - -220021?
-112000102
In base 5, what is 313131 - 11021?
302110
In base 14, what is -4 + -c752ab1?
-c752ab5
In base 4, what is -1 - -100321231310?
100321231303
In base 10, what is -16 - -1633550?
1633534
In base 11, what is 3956336 - -8?
3956343
In base 5, what is 12310 + -11013100?
-11000240
In base 12, what is 3 + -668249b?
-6682498
In base 8, what is 55304767 + -30?
55304737
In base 3, what is -101211112110012 + 2200?
-101211112100112
In base 11, what is 126a536 - -99?
126a624
In base 16, what is f8d2b2 - 3?
f8d2af
In base 5, what is -21241203001 - 2?
-21241203003
In base 11, what is 4a746703 + 5?
4a746708
In base 6, what is 20 - 151555552?
-151555532
In base 14, what is 559777 + 5c?
5597d5
In base 4, what is 20310 - -220302?
301212
In base 12, what is -588 - 108957?
-109323
In base 2, what is 1011000001 - 110110100101?
-101011100100
In base 7, what is 6055 + 25623?
35011
In base 12, what is -b + 52685?
52676
In base 6, what is -122234 + 4440?
-113354
In base 2, what is 1 - 111000000100001010000?
-111000000100001001111
In base 15, what is 20 - -635b2?
635d2
In base 3, what is 220201122110121000 - 11?
220201122110120212
In base 2, what is -100010100101100111101111 - 10?
-100010100101100111110001
In base 6, what is 2205 - 5144002?
-5141353
In base 6, what is -21315353050 + 4?
-21315353042
In base 12, what is 4 - 621020?
-621018
In base 16, what is -9bed22a + 4?
-9bed226
In base 14, what is -204a9b + -5?
-204aa2
In base 9, what is -8685301307 - -1?
-8685301306
In base 12, what is 1603197 - -27?
1603202
In base 15, what is c1d84 - -2?
c1d86
In base 15, what is 251d51 - d?
251d43
In base 4, what is -3202002 + 31033001?
21230333
In base 10, what is 3479091 - 18?
3479073
In base 7, what is -15513021 + -1?
-15513022
In base 5, what is -3403240103 + -1?
-3403240104
In base 9, what is -3 - 4731235?
-4731238
In base 16, what is 2 + -1c24a7f?
-1c24a7d
In base 12, what is 1060 - -bb029?
100089
In base 7, what is -5133 + -15304?
-23440
In base 6, what is 23551412 - 2?
23551410
In base 4, what is -23003 - -3011122?
2322113
In base 2, what is -110001001 - -10001100001111?
10000110000110
In base 5, what is -44 - -13341423424?
13341423330
In base 10, what is -1261 - -10033?
8772
In base 5, what is 21344030 - 1024?
21343001
In base 9, what is -2 + 82266034?
82266032
In base 3, what is 2201121 + -1021000111102?
-1020220202211
In base 16, what is 5239da - -c5?
523a9f
In base 10, what is -9653994 - 4?
-9653998
In base 13, what is b - 1013c?
-10131
In base 8, what is 1531 + 102617?
104350
In base 4, what is 1121001 - 3311000?
-2123333
In base 2, what is -110111000001000 + -1001111?
-110111001010111
In base 16, what is -749664 + c?
-749658
In base 14, what is 0 - -90825c0?
90825c0
In base 10, what is -5 - 1182718?
-1182723
In base 5, what is 1333 - -3042?
4430
In base 3, what is 1220122011001021 - -12?
1220122011001110
In base 8, what is 26254 + -1003?
25251
In base 4, what is 13 + -11201111133?
-11201111120
In base 12, what is 2 + -457010?
-45700a
In base 13, what is 784 - -2a66b8?
2a716c
In base 7, what is 1 - 310160643?
-310160642
In base 15, what is 7 + b2cba7?
b2cbae
In base 7, what is -601 + 436056?
435155
In base 5, what is -31304130 - 303?
-31304433
In base 16, what is 3899 - c3?
37d6
In base 5, what is 210 + -3021042020?
-3021041310
In base 6, what is -421 - 54015?
-54440
In base 8, what is -3 - -547665?
547662
In base 2, what is 10100110000111100110000 - 100?
10100110000111100101100
In base 11, what is -25376787 - -1?
-25376786
In base 9, what is 111355 + -308?
111046
In base 4, what is -1011231023303 + -12?
-1011231023321
In base 14, what is 4 + -293c13?
-293c0d
In base 15, what is -1483c4a - 0?
-1483c4a
In base 14, what is 40d5a - 91?
40ca9
In base 11, what is 6 + 14462370?
144623